 by 1216603.
8
Calculate the remainder when 2427374 is divided by 411.
8
Calculate the remainder when 1068779 is divided by 173.
158
Calculate the remainder when 55885842 is divided by 3321.
54
What is the remainder when 5074 is divided by 147?
76
What is the remainder when 179808 is divided by 29474?
2964
Calculate the remainder when 885709 is divided by 85.
9
Calculate the remainder when 23643 is divided by 75.
18
Calculate the remainder when 1298114 is divided by 273.
272
What is the remainder when 7212776 is divided by 410?
56
What is the remainder when 35790047 is divided by 287?
286
What is the remainder when 84900 is divided by 9415?
165
What is the remainder when 19733131 is divided by 1029?
1027
What is the remainder when 71366 is divided by 1942?
1454
Calculate the remainder when 162403 is divided by 17964.
727
What is the remainder when 42326273 is divided by 371?
367
What is the remainder when 230468296 is divided by 76822753?
37
Calculate the remainder when 4608 is divided by 495.
153
What is the remainder when 731650 is divided by 365804?
42
What is the remainder when 672000 is divided by 10018?
794
What is the remainder when 287328 is divided by 123?
0
Calculate the remainder when 5274646 is divided by 2035.
1961
Calculate the remainder when 695371 is divided by 1038.
949
What is the remainder when 212274 is divided by 19294?
40
Calculate the remainder when 1324457 is divided by 441473.
38
What is the remainder when 2768858 is divided by 835?
833
Calculate the remainder when 47975 is divided by 9414.
905
Calculate the remainder when 2516352 is divided by 1739.
19
What is the remainder when 1879865 is divided by 543?
542
Calculate the remainder when 95741322 is divided by 2175.
2172
What is the remainder when 524614 is divided by 28734?
7402
What is the remainder when 518719945 is divided by 103?
100
Calculate the remainder when 1711048 is divided by 121.
108
Calculate the remainder when 33688575 is divided by 24.
15
What is the remainder when 84999421 is divided by 15?
1
What is the remainder when 418591351 is divided by 18?
1
Calculate the remainder when 1097191 is divided by 365569.
484
Calculate the remainder when 14343364 is divided by 21408.
4
Calculate the remainder when 6067670 is divided by 15.
5
Calculate the remainder when 319063 is divided by 286.
173
What is the remainder when 30564385 is divided by 4592?
33
Calculate the remainder when 30541 is divided by 489.
223
Calculate the remainder when 2488220 is divided by 118486.
14
Calculate the remainder when 2507879 is divided by 1218.
17
What is the remainder when 16748218 is divided by 250?
218
What is the remainder when 1510061 is divided by 26035?
31
Calculate the remainder when 146442572 is divided by 1005.
2
Calculate the remainder when 21644093 is divided by 5956.
5945
Calculate the remainder when 1180474 is divided by 29.
0
Calculate the remainder when 153937397 is divided by 200.
197
Calculate the remainder when 806640 is divided by 72.
24
Calculate the remainder when 171158 is divided by 2630.
208
Calculate the remainder when 145165 is divided by 393.
148
What is the remainder when 82930 is divided by 3413?
1018
Calculate the remainder when 381381 is divided by 1926.
33
Calculate the remainder when 164489 is divided by 304.
25
Calculate the remainder when 5109526 is divided by 70965.
46
What is the remainder when 1046936 is divided by 304?
264
What is the remainder when 448945 is divided by 275?
145
What is the remainder when 4326479 is divided by 178?
11
Calculate the remainder when 74952 is divided by 352.
328
What is the remainder when 270592 is divided by 49?
14
Calculate the remainder when 16424 is divided by 13464.
2960
What is the remainder when 1213764 is divided by 3042?
6
What is the remainder when 88505229 is divided by 85?
84
Calculate the remainder when 76039664 is divided by 337.
332
Calculate the remainder when 1025932 is divided by 1832.
12
Calculate the remainder when 51675175 is divided by 17.
3
What is the remainder when 12728361 is divided by 12?
9
What is the remainder when 1611821 is divided by 322363?
6
Calculate the remainder when 662915 is divided by 2302.
2241
Calculate the remainder when 7189967 is divided by 20.
7
Calculate the remainder when 434547067 is divided by 30.
7
What is the remainder when 133987250 is divided by 75?
50
What is the remainder when 1961268 is divided by 706?
0
Calculate the remainder when 20644562 is divided by 1699.
13
Calculate the remainder when 229128 is divided by 39.
3
What is the remainder when 10287132 is divided by 571?
567
Calculate the remainder when 16916 is divided by 13252.
3664
What is the remainder when 5336957 is divided by 1334236?
13
What is the remainder when 696634 is divided by 231282?
2788
What is the remainder when 443597 is divided by 1856?
13
Calculate the remainder when 265282 is divided by 440.
402
What is the remainder when 703905 is divided by 3760?
785
What is the remainder when 1048918 is divided by 40?
38
What is the remainder when 5862618 is divided by 1172522?
8
Calculate the remainder when 2122216 is divided by 1060954.
308
Calculate the remainder when 471245 is divided by 394.
21
Calculate the remainder when 2478445 is divided by 501.
499
Calculate the remainder when 13146057 is divided by 243.
0
What is the remainder when 3096611 is divided by 1355?
436
Calculate the remainder when 754219 is divided by 150814.
149
Calculate the remainder when 684679 is divided by 684678.
1
What is the remainder when 243488 is divided by 814?
102
What is the remainder when 40741 is divided by 1445?
281
Calculate the remainder when 32877 is divided by 59.
14
Calculate the remainder when 4615291 is divided by 3299.
3289
What is the remainder when 1531270 is divided by 382817?
2
What is the remainder when 333098 is divided by 8319?
338
Calculate the remainder when 175096 is divided by 2084.
40
What is the remainder when 1314104 is divided by 16847?
38
Calculate the remainder when 565817 is divided by 565802.
15
Calculate the remainder when 26194969 is divided by 534591.
10
What is the remainder when 191053389 is divided by 29?
26
Calculate the remainder when 1011558421 is divided by 79.
77
What is the remainder when 263834250 is divided by 34?
30
What is the remainder when 2510488 is divided by 1729?
1709
What is the remainder when 250766 is divided by 31290?
446
Calculate the remainder when 18157 is divided by 3178.
2267
Calculate the remainder when 538303 is divided by 410.
383
Calculate the remainder when 1015446 is divided by 169232.
54
Calculate the remainder when 204467 is divided by 4350.
17
What is the remainder when 254940 is divided by 27?
6
What is the remainder when 19432901 is divided by 411?
410
Calculate the remainder when 15936213 is divided by 28.
13
Calculate the remainder when 131610 is divided by 1542.
540
What is the remainder when 891263 is divided by 96?
95
What is the remainder when 21341380 is divided by 474?
4
What is the remainder when 12809 is divided by 11854?
955
What is the remainder when 299376 is divided by 600?
576
What is the remainder when 287378 is divided by 143664?
50
What is the remainder when 302074 is divided by 2474?
246
Calculate the remainder when 19018608 is divided by 3803718.
18
Calculate the remainder when 1744463 is divided by 249192.
119
What is the remainder when 2677259 is divided by 1529?
1509
What is the remainder when 588765 is divided by 2897?
674
Calculate the remainder when 4796397 is divided by 400.
397
Calculate the remainder when 29662159 is divided by 327.
316
What is the remainder when 13625852 is divided by 67?
62
Calculate the remainder when 21465 is divided by 148.
5
Calculate the remainder when 570529002 is divided by 11.
10
Calculate the remainder when 195114 is divided by 2200.
1514
Calculate the remainder when 1603220 is divided by 320592.
260
Calculate the remainder when 12178820 is divided by 287.
262
Calculate the remainder when 469539 is divided by 2952.
171
What is the remainder when 19744067 is divided by 17?
12
What is the remainder when 4400302 is divided by 624?
478
What is the remainder when 1148126 is divided by 433?
243
Calculate the remainder when 15103933 is divided by 63.
61
What is the remainder when 24